s digit of 232912488?
8
What is the hundred millions digit of 2819898159?
8
What is the hundreds digit of 326951736?
7
What is the units digit of 18874492?
2
What is the ten thousands digit of 492610270?
1
What is the units digit of 86143061?
1
What is the tens digit of 303997128?
2
What is the thousands digit of 3139323?
9
What is the hundreds digit of 10411999?
9
What is the thousands digit of 12472674?
2
What is the units digit of 97108440?
0
What is the millions digit of 29093766?
9
What is the hundred thousands digit of 191644115?
6
What is the hundred thousands digit of 1531753767?
7
What is the ten millions digit of 88072838?
8
What is the thousands digit of 371077091?
7
What is the thousands digit of 14323545?
3
What is the thousands digit of 208961896?
1
What is the hundred thousands digit of 49224521?
2
What is the ten millions digit of 6213537459?
1
What is the ten millions digit of 510621975?
1
What is the ten thousands digit of 449862472?
6
What is the ten millions digit of 1122969920?
2
What is the hundred millions digit of 780668217?
7
What is the hundreds digit of 1192081580?
5
What is the tens digit of 24518266?
6
What is the hundred thousands digit of 957810085?
8
What is the tens digit of 212383938?
3
What is the thousands digit of 1399444923?
4
What is the millions digit of 218127414?
8
What is the ten millions digit of 428921367?
2
What is the hundreds digit of 115282352?
3
What is the hundred thousands digit of 985788110?
7
What is the ten thousands digit of 28430688?
3
What is the ten thousands digit of 158852643?
5
What is the billions digit of 3031952235?
3
What is the thousands digit of 81123051?
3
What is the hundred thousands digit of 487047852?
0
What is the ten thousands digit of 170054160?
5
What is the hundreds digit of 12139578?
5
What is the tens digit of 50443601?
0
What is the thousands digit of 6525983067?
3
What is the hundred thousands digit of 221107829?
1
What is the billions digit of 5350963509?
5
What is the millions digit of 380119476?
0
What is the units digit of 81544846?
6
What is the hundreds digit of 1482732184?
1
What is the ten millions digit of 29409958?
2
What is the hundred millions digit of 4801185155?
8
What is the millions digit of 54851085?
4
What is the units digit of 72034774?
4
What is the units digit of 6195459719?
9
What is the hundreds digit of 20720262?
2
What is the millions digit of 36175534?
6
What is the units digit of 154981255?
5
What is the thousands digit of 97236163?
6
What is the hundred thousands digit of 149669642?
6
What is the ten thousands digit of 6473501558?
0
What is the thousands digit of 13257887?
7
What is the hundred millions digit of 1003717024?
0
What is the hundred millions digit of 333317454?
3
What is the ten millions digit of 23568317?
2
What is the hundred millions digit of 2286271894?
2
What is the units digit of 77403659?
9
What is the hundred thousands digit of 7839591?
8
What is the units digit of 361933133?
3
What is the units digit of 998186571?
1
What is the hundred thousands digit of 106350945?
3
What is the tens digit of 182219825?
2
What is the millions digit of 212766257?
2
What is the hundred thousands digit of 1033461476?
4
What is the hundred millions digit of 123741718?
1
What is the tens digit of 570901267?
6
What is the thousands digit of 17287714?
7
What is the tens digit of 89354025?
2
What is the ten millions digit of 348648958?
4
What is the billions digit of 1882783134?
1
What is the hundreds digit of 7301266?
2
What is the ten thousands digit of 1128568561?
6
What is the hundreds digit of 72203450?
4
What is the billions digit of 1645090535?
1
What is the hundred thousands digit of 15964058?
9
What is the ten thousands digit of 2799202?
9
What is the units digit of 1072328536?
6
What is the ten thousands digit of 126759982?
5
What is the hundred thousands digit of 727476757?
4
What is the tens digit of 6747774148?
4
What is the millions digit of 139057387?
9
What is the hundreds digit of 79642117?
1
What is the hundred thousands digit of 4229384?
2
What is the hundred thousands digit of 213240405?
2
What is the tens digit of 352587471?
7
What is the millions digit of 200396553?
0
What is the millions digit of 111053961?
1
What is the millions digit of 252478321?
2
What is the units digit of 3585188201?
1
What is the hundreds digit of 940227679?
6
What is the hundred millions digit of 1201137839?
2
What is the thousands digit of 1322346?
2
What is the thousands digit of 215184308?
4
What is the hundreds digit of 5026791?
7
What is the ten thousands digit of 1075215991?
1
What is the thousands digit of 1019854?
9
What is the hundreds digit of 107831384?
3
What is the tens digit of 186321136?
3
What is the thousands digit of 1507288766?
8
What is the hundred millions digit of 1615181726?
6
What is the thousands digit of 1149233387?
3
What is the ten millions digit of 67959687?
6
What is the billions digit of 1166859265?
1
What is the units digit of 5869656?
6
What is the hundred millions digit of 881541381?
8
What is the millions digit of 386652854?
6
What is the ten millions digit of 1097138773?
9
What is the units digit of 7844029?
9
What is the millions digit of 863337869?
3
What is the hundred millions digit of 310814887?
3
What is the hundreds digit of 1252662761?
7
What is the hundreds digit of 473773965?
9
What is the ten millions digit of 559254725?
5
What is the hundred millions digit of 929753050?
9
What is the tens digit of 923728701?
0
What is the hundred thousands digit of 132198219?
1
What is the hundred thousands digit of 342100?
3
What is the tens digit of 253335851?
5
What is the hundreds digit of 3033088619?
6
What is the thousands digit of 172596902?
6
What is the ten millions digit of 3261898785?
6
What is the hundred millions digit of 218606065?
2
What is the millions digit of 2544472715?
4
What is the units digit of 41132426?
6
What is the billions digit of 2067934692?
2
What is the tens digit of 76295980?
8
What is the ten millions digit of 4605781686?
0
What is the thousands digit of 1803151965?
1
What is the units digit of 21207153?
3
What is the units digit of 32803093?
3
What is the tens digit of 106767154?
5
What is the ten thousands digit of 945765322?
6
What is the thousands digit of 37470210?
0
What is the ten thousands digit of 36590862?
9
What is the ten thousands digit of 249563273?
6
What is the tens digit of 3619020089?
8
What is the millions digit of 580276819?
0
What is the ten thousands digit of 1597853645?
5
What is the billions digit of 1388642331?
1
What is the hundred millions digit of 897554408?
8
What is the ten millions digit of 4533010471?
3
What is the hundred millions digit of 2762374535?
7
What is the thousands digit of 868531198?
1
What is the millions digit of 336479131?
6
What is the ten thousands digit of 180705920?
0
What is the hundred thousands digit of 914070726?
0
What is the millions digit of 1671073216?
1
What is the ten thousands digit of 75535087?
3
What is the millions digit of 550650851?
0
What is the thousands digit of 220662671?
2
What is the tens digit of 138809319?
1
What is the hundreds digit of 60233085?
0
What is the tens digit of 54007571?
7
What is the ten thousands digit of 427307618?
0
What is the ten millions digit of 282904210?
8
What is the hundreds digit of 829511155?
1
What is the units digit of 20345177?
7
What is the hundreds digit of 193123839?
8
What is the ten thousands digit of 68363724?
6
What is the ten thousands digit of 109128519?
2
What is the units digit of 33495713?
3
What is the ten millions digit of 31345653?
3
What is the thousands digit of 601006370?
6
What is the units digit of 5610924418?
8
What is the thousands digit of 226329865?
9
What is the millions digit of 67861139?
7
What is the ten millions digit of 199154955?
9
What is the tens digit of 1081949411?
1
What is the ten millions digit of 1692709805?
9
What is the hundred thousands digit of 144704492?
7
What is the tens digit of 50029351?
5
What is the hundred thousands digit of 149474012?
4
What is the ten thousands digit of 343478224?
7
What is the ten thousands digit of 54840306?
4
What is the hundred millions digit of 168662137?
1
What is the hundreds digit of 188267036